lse
Is 7193413 composite?
True
Is 871103 a prime number?
True
Is 242827267 composite?
False
Is 10071979 prime?
True
Is 63257777 composite?
True
Is 5086007 prime?
True
Is 51398713 a prime number?
False
Is 24930839 a prime number?
True
Is 13585697 a prime number?
False
Is 127301441 prime?
False
Is 6363421 a prime number?
True
Is 24896329 a composite number?
True
Is 4410398 prime?
False
Is 34036451 prime?
False
Is 112055851 a prime number?
True
Is 13165799 composite?
False
Is 12773413 composite?
False
Is 39484411 prime?
False
Is 662551 composite?
False
Is 226394687 a composite number?
False
Is 160617287 prime?
True
Is 15172759 prime?
False
Is 784466 a composite number?
True
Is 1491571 prime?
True
Is 2657731 composite?
False
Is 7445707 a prime number?
True
Is 118784027 composite?
False
Is 254634937 a composite number?
True
Is 229311737 prime?
True
Is 114731467 a composite number?
False
Is 5518967 a composite number?
False
Is 331871 composite?
False
Is 197695561 a prime number?
False
Is 2154863 a composite number?
True
Is 340633477 a prime number?
True
Is 3134938 prime?
False
Is 54671591 a composite number?
True
Is 12063287 a prime number?
False
Is 3780131 a prime number?
False
Is 45876599 prime?
True
Is 23520751 prime?
True
Is 886831 prime?
False
Is 40565587 a composite number?
True
Is 2690239 a composite number?
False
Is 1208671 composite?
True
Is 2248661 a composite number?
False
Is 13391909 prime?
True
Is 266882437 a prime number?
False
Is 578907011 prime?
True
Is 27181363 a prime number?
False
Is 7583053 composite?
False
Is 1640167 a prime number?
True
Is 34734883 prime?
False
Is 46327889 composite?
False
Is 11115311 a prime number?
False
Is 18441301 a prime number?
True
Is 584251 a prime number?
False
Is 192291461 a composite number?
True
Is 18169013 a prime number?
False
Is 5330921 prime?
True
Is 13243253 composite?
False
Is 26267717 composite?
True
Is 135559331 composite?
False
Is 11929531 prime?
False
Is 7345813 a prime number?
False
Is 1379123 a composite number?
True
Is 407530439 prime?
False
Is 1076363 a prime number?
False
Is 138766549 prime?
True
Is 23431367 prime?
False
Is 6410111 a prime number?
True
Is 54606401 a composite number?
False
Is 519437951 a composite number?
False
Is 24247367 composite?
True
Is 1544057 a composite number?
True
Is 405973747 a composite number?
True
Is 52321439 a composite number?
True
Is 2932903 a prime number?
True
Is 3878843 a prime number?
True
Is 825791 a composite number?
False
Is 445931 a prime number?
True
Is 23926139 a composite number?
False
Is 29910913 prime?
False
Is 9152777 a prime number?
False
Is 54117523 composite?
False
Is 10429637 prime?
True
Is 27836027 prime?
False
Is 15491207 prime?
True
Is 3188337 a composite number?
True
Is 30380177 a prime number?
False
Is 307616447 a prime number?
False
Is 394616207 a composite number?
True
Is 87549463 a prime number?
False
Is 20540789 prime?
True
Is 656449 prime?
False
Is 19558817 a prime number?
False
Is 4629311 composite?
False
Is 123449987 composite?
False
Is 1075531 prime?
True
Is 86987881 composite?
True
Is 269113979 prime?
True
Is 1294669 composite?
True
Is 6729019 a prime number?
False
Is 41696833 composite?
False
Is 672483655 composite?
True
Is 19028017 prime?
False
Is 190429037 composite?
True
Is 88543103 a composite number?
True
Is 4904197 a composite number?
False
Is 1736959 prime?
False
Is 206813591 a prime number?
True
Is 11134945 a composite number?
True
Is 2887853 a prime number?
False
Is 6685417 a prime number?
False
Is 14509853 a prime number?
True
Is 4539973 prime?
True
Is 81106507 composite?
True
Is 46863337 composite?
True
Is 25302155 prime?
False
Is 8985091 prime?
True
Is 7288943 composite?
True
Is 96563483 composite?
False
Is 9645793 a composite number?
True
Is 164346289 a composite number?
False
Is 384273419 a prime number?
True
Is 188563 prime?
True
Is 48921581 a prime number?
False
Is 95342321 a composite number?
False
Is 33945049 composite?
True
Is 30739 a composite number?
True
Is 4372607 prime?
False
Is 5649461 a composite number?
True
Is 43748981 prime?
False
Is 74408423 prime?
False
Is 64831 prime?
False
Is 5859059 a composite number?
True
Is 12536281 prime?
True
Is 51994337 a composite number?
False
Is 5411711 prime?
False
Is 26712703 prime?
False
Is 6900727 prime?
True
Is 131101 composite?
False
Is 7098341 a prime number?
False
Is 1238657 composite?
True
Is 794327 a composite number?
False
Is 33292859 composite?
True
Is 5838419 composite?
False
Is 90431227 a prime number?
False
Is 12395027 composite?
False
Is 32753153 a composite number?
False
Is 10012559 a prime number?
True
Is 601717 a prime number?
True
Is 876431 a prime number?
True
Is 1731955 a prime number?
False
Is 9979993 composite?
False
Is 111195881 a composite number?
True
Is 18738967 a composite number?
True
Is 6699941 a prime number?
True
Is 11369793 a composite number?
True
Is 289065431 a prime number?
False
Is 75953253 a prime number?
False
Is 301519 composite?
True
Is 4364741 composite?
False
Is 13733089 a prime number?
False
Is 3474631 a composite number?
False
Is 799541 a prime number?
False
Is 15462861 composite?
True
Is 4309441 a prime number?
False
Is 6977 a prime number?
True
Is 13187879 a composite number?
False
Is 1620506 a prime number?
False
Is 12214489 prime?
False
Is 11690389 composite?
False
Is 623017 a prime number?
True
Is 6502649 prime?
True
Is 5578117 composite?
False
Is 122606473 a composite number?
True
Is 1053052933 a prime number?
True
Is 50609477 a prime number?
True
Is 6286663 prime?
False
Is 69923251 prime?
False
Is 31274198 a prime number?
False
Is 5073287 a composite number?
False
Is 38261831 composite?
False
Is 6277759 a composite number?
True
Is 38461561 prime?
True
Is 18187069 composite?
True
Is 1568894 prime?
False
Is 1168591 prime?
False
Is 4908103 prime?
False
Is 1816387 a prime number?
True
Is 64243 a composite number?
True
Is 12625297 a prime number?
True
Is 19477873 composite?
True
Is 15913501 a prime number?
True
Is 12347863 a composite number?
True
Is 580782031 a prime number?
False
Is 8025755 prime?
False
Is 11078849 a prime number?
False
Is 6134377 composite?
True
Is 12591013 composite?
True
Is 5103907 composite?
True
Is 772229 a composite number?
False
Is 15656961 a composite number?
True
Is 5295701 composite?
False
Is 4382843 a prime number?
True
Is 74773885 composite?
True
Is 20242403 prime?
False
Is 2293957 a composite number?
False
Is 4175789 a prime number?
True
Is 17133023 a composite number?
False
Is 12793093 prime?
True
Is 400823 a prime number?
True
Is 3230449 a composite number?
False
Is 202148767 composite?
False
Is 48515129 prime?
False
Is 16508011 a prime number?
False
Is 137375197 a prime number?
True
Is 6315833 prime?
False
Is 102761 prime?
True
Is 478174 composite?
True
Is 27641363 a prime number?
True
Is 1168781 composite?
True
Is 753532439 prime?
False
Is 18909017 composite?
False
Is 6266269 composite?
False
Is 3182591 prime?
True
Is 1274549 composite?
False
Is 170674019 a composite number?
True
Is 184021 a prime number?
False
Is 1757647 a composite number?
True
Is 103313803 composite?
True
Is 6154007 prime?
True
Is 241551733 a prime number?
False
Is 88973063 a prime number?
False
Is 15610015 composite?
True
Is 91035953 prime?
True
Is 2796919 a composite number?
False
Is 333220001 composite?
False
Is 43669693 composite?
False
Is 1585729 a composite number?
True
Is 45951137 prime?
True
Is 518543 a composite number?
False
Is 144603577 composite?
False
Is 44362819 composite?
True
Is 183626477 a prime number?
True
Is 24713047 a composite number?
True
Is 1638157 a prime number?
False
Is 878922955 composite?
True
Is 12545009 prime?
False
Is 49363 a prime number?
True
Is 6710351 a composite number?
True
Is 7749367 a composite number?
True
Is 1029163 a prime number?
False
Is 2825387 composite?
False
Is 4347059 composite?
False
Is 47408657 prime?
True
Is 3435881 prime?
True
Is 21693043 a prime number?
True
Is 82524469 composite?
False
Is 224411962 prime?
False
Is 128572621 a prime number?
False
Is 420014797 prime?
False
Is 12512911 a prime number?
True
Is 896359469 prime?
True
Is 147981289 a prime number?
False
Is 2553001 composite?
True
Is 41170627 a composite number?
True
Is 1653059 prime?
True
